?
103
Calculate the highest common factor of 91337 and 596.
149
What is the highest common factor of 938 and 10559066?
938
What is the greatest common divisor of 374 and 814?
22
What is the highest common factor of 7992 and 2076?
12
Calculate the highest common factor of 622092 and 1692.
564
Calculate the highest common divisor of 658461 and 34.
17
Calculate the highest common factor of 15015147 and 1393.
1393
Calculate the greatest common divisor of 216 and 816912.
216
What is the highest common factor of 214241 and 62?
31
Calculate the highest common divisor of 222 and 12357630.
222
Calculate the highest common divisor of 224 and 71848.
56
Calculate the greatest common factor of 14485 and 2966528.
2897
What is the highest common divisor of 250306 and 2261?
133
Calculate the highest common factor of 107735 and 2465.
145
What is the highest common divisor of 2652 and 100?
4
Calculate the highest common factor of 1136 and 2824.
8
Calculate the highest common factor of 956 and 337.
1
What is the greatest common divisor of 950380 and 13120?
820
What is the greatest common divisor of 66784 and 328?
8
What is the highest common factor of 462 and 216843?
33
Calculate the highest common divisor of 10319 and 7284.
607
What is the greatest common divisor of 262 and 5352136?
262
What is the greatest common factor of 83001 and 1516?
379
Calculate the highest common factor of 36918 and 420.
42
Calculate the greatest common divisor of 17 and 583117.
17
What is the greatest common factor of 768 and 126464?
256
Calculate the highest common factor of 110 and 2442.
22
What is the greatest common factor of 69 and 14926425?
69
What is the highest common divisor of 795 and 2961905?
265
What is the highest common factor of 2987 and 116?
29
Calculate the highest common divisor of 854867 and 247.
247
What is the highest common factor of 103083 and 3?
3
What is the highest common divisor of 1164 and 21984?
12
What is the highest common divisor of 1910150 and 55?
55
Calculate the highest common factor of 1049719 and 88.
11
Calculate the highest common divisor of 34 and 480386.
34
Calculate the highest common factor of 3827 and 43.
43
Calculate the greatest common divisor of 1652 and 8932.
28
What is the highest common factor of 25 and 622325?
25
What is the greatest common divisor of 153 and 738667?
17
Calculate the highest common divisor of 164 and 249772.
164
What is the highest common factor of 1403 and 1081?
23
What is the greatest common divisor of 13209 and 518?
259
Calculate the greatest common factor of 7563693 and 261.
87
What is the highest common divisor of 12771 and 35948?
473
Calculate the highest common factor of 436224 and 21.
3
What is the highest common factor of 1102 and 66614?
38
What is the greatest common factor of 1676941 and 1722?
287
Calculate the highest common factor of 4333 and 1183.
7
What is the greatest common divisor of 941418 and 18?
18
Calculate the greatest common divisor of 125415 and 2295.
135
Calculate the greatest common divisor of 435 and 77169.
87
What is the highest common factor of 6825503 and 437?
437
Calculate the highest common factor of 1476 and 11644.
164
What is the highest common factor of 1290 and 7138?
86
Calculate the greatest common factor of 1870 and 371195.
935
What is the greatest common factor of 4 and 322900?
4
Calculate the greatest common divisor of 119268 and 288.
36
Calculate the highest common divisor of 243 and 25191.
81
What is the highest common factor of 234 and 450?
18
Calculate the greatest common factor of 116250 and 20.
10
What is the highest common divisor of 5907 and 44?
11
Calculate the greatest common factor of 162 and 179442.
54
What is the greatest common divisor of 665323 and 388?
97
Calculate the highest common divisor of 88 and 11608.
8
What is the greatest common divisor of 71 and 210586?
71
What is the greatest common factor of 162213 and 30858?
417
Calculate the highest common divisor of 29498 and 20580.
686
What is the greatest common divisor of 179 and 267963?
179
What is the greatest common divisor of 386 and 3146286?
386
Calculate the greatest common factor of 488 and 988444.
244
What is the highest common factor of 55174 and 392?
98
What is the greatest common divisor of 104 and 11453?
13
What is the highest common factor of 19 and 7977587?
19
What is the greatest common divisor of 14596 and 28124?
356
Calculate the highest common factor of 1237310 and 10.
10
What is the highest common factor of 78 and 43862?
26
Calculate the greatest common factor of 928 and 490912.
928
Calculate the highest common divisor of 1871131 and 239.
239
What is the highest common factor of 7644 and 21?
21
Calculate the greatest common divisor of 1198 and 26955.
599
Calculate the greatest common divisor of 236 and 125434.
118
What is the greatest common divisor of 130684 and 2257?
37
Calculate the highest common factor of 89777 and 34.
17
Calculate the greatest common divisor of 752 and 423188.
188
Calculate the highest common factor of 42 and 159306.
42
What is the highest common divisor of 11406 and 42?
6
What is the highest common divisor of 9099 and 43200?
27
Calculate the highest common factor of 1316 and 376564.
188
What is the greatest common divisor of 8591491 and 2078?
1039
What is the highest common divisor of 5 and 947560?
5
What is the highest common divisor of 60 and 28095?
15
What is the highest common factor of 2725 and 475?
25
What is the highest common factor of 176 and 126093?
11
Calculate the greatest common divisor of 163955 and 165.
55
Calculate the highest common factor of 1300 and 865150.
650
What is the greatest common divisor of 162104 and 6808?
184
What is the greatest common factor of 326029 and 71797?
1177
What is the greatest common divisor of 84320 and 380?
20
Calculate the highest common factor of 6 and 106146.
6
What is the highest common divisor of 5520 and 504?
24
What is the highest common factor of 2774658 and 6?
6
What is the greatest common factor of 5224 and 8348?
4
Calculate the highest common divisor of 192728 and 8.
8
What is the highest common divisor of 171 and 1862?
19
Calculate the greatest common factor of 17331 and 48723.
327
Calculate the greatest common factor of 2460 and 409180.
820
What is the highest common divisor of 53431 and 1071?
119
Calculate the greatest common factor of 272 and 686936.
136
Calculate the highest common factor of 15176 and 2576.
56
Calculate the highest common factor of 28 and 8876.
28
Calculate the greatest common factor of 15654 and 6.
6
Calculate the greatest common divisor of 79179 and 27.
3
What is the greatest common divisor of 118496 and 1771?
161
Calculate the highest common factor of 4474591 and 1397.
1397
Calculate the highest common factor of 126 and 40138.
14
What is the greatest common factor of 1390 and 7089?
139
What is the greatest common divisor of 6 and 1518864?
6
Calculate the highest common factor of 7220 and 45220.
380
What is the highest common factor of 735 and 2316?
3
Calculate the greatest common factor of 203392 and 150728.
1816
What is the highest common divisor of 2520 and 25074?
126
Calculate the greatest common divisor of 48926 and 612.
34
Calculate the greatest common factor of 81 and 232362.
27
What is the highest common divisor of 104 and 23608?
104
What is the greatest common factor of 321580 and 4?
4
What is the greatest common divisor of 51806 and 2?
2
Calculate the greatest common divisor of 96 and 3342.
6
Calculate the highest common divisor of 119735 and 1540.
385
What is the highest common factor of 12431 and 1953?
31
What is the highest common factor of 7162 and 238?
2
What is the highest common factor of 40744 and 572?
44
Calculate the highest common divisor of 253320 and 300.
60
Calculate the highest common divisor of 36 and 14154.
6
Calculate the highest common factor of 1309 and 206899.
77
What is the greatest common divisor of 697406 and 230?
46
What is the highest common divisor of 1923141 and 577?
577
Calculate the highest common factor of 2284674 and 105.
21
Calculate the highest common factor of 120 and 891840.
120
What is the highest common divisor of 413 and 271105?
59
Calculate the highest common divisor of 122 and 14823.
61
What is the highest common divisor of 25 and 12062